hat is the millions digit of 1148899?
1
What is the units digit of 189527?
7
What is the hundreds digit of 18285684?
6
What is the thousands digit of 4916129?
6
What is the units digit of 7695507?
7
What is the ten thousands digit of 202066?
0
What is the hundreds digit of 713731?
7
What is the tens digit of 11244394?
9
What is the ten thousands digit of 4188022?
8
What is the ten thousands digit of 118142?
1
What is the hundred thousands digit of 1461359?
4
What is the ten thousands digit of 254447?
5
What is the tens digit of 9075707?
0
What is the hundreds digit of 256173?
1
What is the units digit of 258789?
9
What is the thousands digit of 2516688?
6
What is the ten millions digit of 13825068?
1
What is the tens digit of 1695738?
3
What is the hundreds digit of 360714?
7
What is the thousands digit of 34362?
4
What is the hundred thousands digit of 1217861?
2
What is the units digit of 901380?
0
What is the thousands digit of 134331?
4
What is the tens digit of 680336?
3
What is the millions digit of 4159236?
4
What is the hundred thousands digit of 1230923?
2
What is the units digit of 227842?
2
What is the hundreds digit of 2762918?
9
What is the tens digit of 83624?
2
What is the thousands digit of 365447?
5
What is the units digit of 240064?
4
What is the hundreds digit of 2234576?
5
What is the thousands digit of 4704199?
4
What is the hundred thousands digit of 16209405?
2
What is the ten thousands digit of 14808243?
0
What is the hundreds digit of 787842?
8
What is the millions digit of 10263929?
0
What is the units digit of 121978?
8
What is the units digit of 43572?
2
What is the hundreds digit of 194194?
1
What is the thousands digit of 91222?
1
What is the hundreds digit of 8597862?
8
What is the tens digit of 662574?
7
What is the hundreds digit of 27814908?
9
What is the hundred thousands digit of 6693119?
6
What is the thousands digit of 942764?
2
What is the tens digit of 5368696?
9
What is the thousands digit of 208802?
8
What is the units digit of 241323?
3
What is the hundred thousands digit of 6722633?
7
What is the hundred thousands digit of 172390?
1
What is the ten thousands digit of 1313650?
1
What is the units digit of 229642?
2
What is the ten thousands digit of 316990?
1
What is the ten thousands digit of 26265?
2
What is the tens digit of 1429942?
4
What is the units digit of 25570791?
1
What is the ten thousands digit of 184107?
8
What is the units digit of 152368?
8
What is the thousands digit of 1048746?
8
What is the tens digit of 3106710?
1
What is the thousands digit of 1768897?
8
What is the thousands digit of 4123700?
3
What is the ten thousands digit of 2719406?
1
What is the millions digit of 5337549?
5
What is the ten thousands digit of 3806012?
0
What is the ten thousands digit of 612874?
1
What is the hundreds digit of 28833?
8
What is the ten thousands digit of 16087483?
8
What is the ten thousands digit of 765590?
6
What is the hundreds digit of 4888088?
0
What is the hundred thousands digit of 561888?
5
What is the thousands digit of 40834?
0
What is the ten thousands digit of 4039740?
3
What is the hundred thousands digit of 201790?
2
What is the tens digit of 142112?
1
What is the ten thousands digit of 190456?
9
What is the tens digit of 3366761?
6
What is the hundreds digit of 28474124?
1
What is the ten millions digit of 39022695?
3
What is the thousands digit of 17022?
7
What is the hundreds digit of 159053?
0
What is the thousands digit of 19920?
9
What is the units digit of 206570?
0
What is the units digit of 602556?
6
What is the tens digit of 28975140?
4
What is the hundred thousands digit of 20738416?
7
What is the ten thousands digit of 2544310?
4
What is the thousands digit of 699255?
9
What is the thousands digit of 407981?
7
What is the hundreds digit of 718813?
8
What is the ten thousands digit of 4869003?
6
What is the hundred thousands digit of 417422?
4
What is the thousands digit of 88638?
8
What is the tens digit of 68049?
4
What is the hundreds digit of 496852?
8
What is the thousands digit of 4584057?
4
What is the hundred thousands digit of 4264029?
2
What is the millions digit of 30698197?
0
What is the hundreds digit of 3382075?
0
What is the tens digit of 409286?
8
What is the ten thousands digit of 64278?
6
What is the thousands digit of 3086688?
6
What is the hundreds digit of 965602?
6
What is the ten thousands digit of 145082?
4
What is the hundreds digit of 366946?
9
What is the hundred thousands digit of 4985286?
9
What is the thousands digit of 7669610?
9
What is the tens digit of 1825272?
7
What is the hundreds digit of 646782?
7
What is the hundreds digit of 3233185?
1
What is the hundreds digit of 1195918?
9
What is the hundred thousands digit of 858241?
8
What is the tens digit of 4632652?
5
What is the tens digit of 2854502?
0
What is the hundred thousands digit of 308844?
3
What is the millions digit of 2059710?
2
What is the units digit of 3442512?
2
What is the units digit of 192523?
3
What is the thousands digit of 413189?
3
What is the hundreds digit of 2401537?
5
What is the millions digit of 5998080?
5
What is the hundreds digit of 19116566?
5
What is the units digit of 727792?
2
What is the hundreds digit of 294525?
5
What is the millions digit of 1022473?
1
What is the ten thousands digit of 443309?
4
What is the units digit of 11583736?
6
What is the tens digit of 3787303?
0
What is the units digit of 155431?
1
What is the units digit of 705753?
3
What is the thousands digit of 6544433?
4
What is the units digit of 674369?
9
What is the thousands digit of 400379?
0
What is the thousands digit of 59476?
9
What is the hundreds digit of 2653425?
4
What is the thousands digit of 754346?
4
What is the tens digit of 1073835?
3
What is the units digit of 1198004?
4
What is the thousands digit of 7673213?
3
What is the units digit of 94815?
5
What is the thousands digit of 1055057?
5
What is the units digit of 878889?
9
What is the ten thousands digit of 34078?
3
What is the hundreds digit of 348511?
5
What is the hundreds digit of 428828?
8
What is the millions digit of 14969759?
4
What is the hundred thousands digit of 323972?
3
What is the tens digit of 489522?
2
What is the units digit of 264265?
5
What is the thousands digit of 582343?
2
What is the units digit of 168318?
8
What is the millions digit of 7229887?
7
What is the thousands digit of 383332?
3
What is the millions digit of 5613426?
5
What is the hundreds digit of 521294?
2
What is the tens digit of 3211738?
3
What is the ten thousands digit of 352067?
5
What is the thousands digit of 1143534?
3
What is the millions digit of 8939502?
8
What is the thousands digit of 1064438?
4
What is the hundreds digit of 11493325?
3
What is the millions digit of 5516754?
5
What is the hundred thousands digit of 158259?
1
What is the hundred thousands digit of 3993526?
9
What is the ten thousands digit of 4443504?
4
What is the tens digit of 8248342?
4
What is the hundred thousands digit of 589945?
5
What is the hundred thousands digit of 2413055?
4
What is the units digit of 486003?
3
What is the hundred thousands digit of 292391?
2
What is the thousands digit of 89096?
9
What is the hundred thousands digit of 7165592?
1
What is the units digit of 3165018?
8
What is the hundred thousands digit of 232351?
2
What is the thousands digit of 1566?
1
What is the hundred thousands digit of 1506304?
5
What is the tens digit of 4589655?
5
What is the units digit of 2466110?
0
What is the hundreds digit of 441597?
5
What is the thousands digit of 2560519?
0
What is the thousands digit of 1273548?
3
What is the hundred thousands digit of 1235769?
2
What is the units digit of 11613273?
3
What is the hundreds digit of 267812?
8
What is the hundred thousands digit of 285908?
2
What is the ten thousands digit of 54607?
5
What is the units digit of 537299?
9
What is the ten thousands digit of 255903?
5
What is the thousands digit of 385172?
5
What is the thousands digit of 13969373?
9
What is the millions digit of 2873711?
2
What is the hundred thousands digit of 14558620?
5
What is the ten thousands digit of 683242?
8
What is the thousands digit of 4476?
4
What is the hundred thousands digit of 1853829?
8
What is t